34 (base 5) in base 8?
167
-32 (base 14) to base 3
-1122
What is 7 (base 16) in base 9?
7
What is 0 (base 12) in base 6?
0
5 (base 13) to base 16
5
-108 (base 14) to base 10
-204
Convert 12 (base 3) to base 4.
11
What is 3 (base 12) in base 2?
11
110022 (base 3) to base 7
653
What is -11 (base 9) in base 6?
-14
1 (base 6) to base 12
1
a (base 13) to base 10
10
What is 4 (base 9) in base 16?
4
-33 (base 4) to base 11
-14
Convert -12 (base 15) to base 3.
-122
Convert 1332 (base 4) to base 6.
330
What is -3 (base 16) in base 8?
-3
3 (base 4) to base 13
3
-343 (base 7) to base 12
-12a
What is -30 (base 4) in base 12?
-10
-12 (base 9) to base 15
-b
b (base 16) to base 11
10
What is 233 (base 4) in base 6?
115
-16 (base 8) to base 2
-1110
-141 (base 13) to base 2
-11011110
-2a (base 11) to base 9
-35
What is 1 (base 11) in base 2?
1
-210 (base 4) to base 6
-100
What is 26 (base 16) in base 4?
212
What is 0 (base 11) in base 8?
0
-137 (base 12) to base 11
-160
What is 21 (base 4) in base 2?
1001
What is 36 (base 8) in base 16?
1e
Convert -366 (base 8) to base 9.
-303
2 (base 11) to base 12
2
5 (base 8) to base 13
5
What is 5 (base 10) in base 3?
12
What is -2 (base 10) in base 5?
-2
Convert -8 (base 9) to base 7.
-11
What is -101 (base 2) in base 4?
-11
Convert -40 (base 13) to base 16.
-34
30 (base 8) to base 5
44
42 (base 6) to base 4
122
11 (base 11) to base 12
10
What is -11 (base 6) in base 8?
-7
Convert 10 (base 4) to base 2.
100
What is -2 (base 3) in base 13?
-2
-31 (base 8) to base 12
-21
Convert 0 (base 7) to base 16.
0
What is -100 (base 12) in base 15?
-99
1100001 (base 2) to base 14
6d
4 (base 8) to base 12
4
10 (base 3) to base 2
11
2 (base 6) to base 2
10
What is 13 (base 6) in base 16?
9
Convert -200 (base 3) to base 10.
-18
What is 122 (base 4) in base 16?
1a
What is 111 (base 3) in base 12?
11
1 (base 5) to base 12
1
2211 (base 3) to base 9
84
What is 30 (base 7) in base 13?
18
Convert -36 (base 12) to base 7.
-60
-3 (base 15) to base 6
-3
What is a (base 16) in base 9?
11
Convert 128 (base 13) to base 12.
14b
318 (base 9) to base 13
170
What is 132 (base 4) in base 15?
20
1 (base 6) to base 14
1
-12 (base 7) to base 3
-100
Convert -199 (base 11) to base 2.
-11100101
What is -29 (base 11) in base 3?
-1011
Convert 0 (base 16) to base 5.
0
3 (base 11) to base 6
3
Convert -1012 (base 3) to base 14.
-24
What is 6 (base 9) in base 11?
6
-1230 (base 5) to base 13
-118
What is -4 (base 7) in base 3?
-11
What is -10 (base 13) in base 4?
-31
Convert 1100 (base 2) to base 11.
11
-8 (base 12) to base 16
-8
What is -141 (base 12) in base 15?
-cd
What is -1 (base 14) in base 11?
-1
Convert -1 (base 13) to base 11.
-1
-4 (base 6) to base 2
-100
Convert -36 (base 10) to base 6.
-100
Convert -27 (base 12) to base 7.
-43
-54 (base 15) to base 6
-211
What is -33 (base 12) in base 4?
-213
-10 (base 2) to base 15
-2
-51 (base 8) to base 3
-1112
What is -111 (base 2) in base 8?
-7
Convert 21 (base 13) to base 7.
36
Convert a0 (base 13) to base 6.
334
What is -3e (base 16) in base 13?
-4a
-14 (base 14) to base 11
-17
Convert 303 (base 4) to base 5.
201
What is 10 (base 8) in base 11?
8
What is -31 (base 14) in base 2?
-101011
What is 8 (base 11) in base 3?
22
What is 3 (base 12) in base 8?
3
What is -444 (base 7) in base 9?
-273
-121 (base 8) to base 2
-1010001
11 (base 8) to base 12
9
Convert 14 (base 9) to base 8.
15
7 (base 10) to base 13
7
What is -26 (base 13) in base 5?
-112
1 (base 5) to base 4
1
Convert -c (base 15) to base 5.
-22
What is 5 (base 14) in base 2?
101
What is 3 (base 7) in base 12?
3
What is 30 (base 5) in base 3?
120
121 (base 7) to base 5
224
What is -b (base 16) in base 3?
-102
What is -4 (base 12) in base 4?
-10
118 (base 10) to base 11
a8
What is 314 (base 5) in base 11?
77
0 (base 3) to base 7
0
-1100011 (base 2) to base 13
-78
Convert 14 (base 9) to base 2.
1101
3 (base 10) to base 14
3
Convert -4 (base 12) to base 8.
-4
Convert 1d (base 14) to base 3.
1000
Convert 4 (base 12) to base 16.
4
Convert 165 (base 10) to base 4.
2211
28 (base 11) to base 14
22
What is -185 (base 11) in base 10?
-214
What is -42 (base 9) in base 16?
-26
Convert 3 (base 13) to base 3.
10
Convert 53 (base 12) to base 9.
70
-431 (base 6) to base 3
-20001
What is -1a (base 12) in base 11?
-20
What is 15 (base 12) in base 11?
16
-3 (base 12) to base 16
-3
What is 6 (base 8) in base 9?
6
Convert -33 (base 5) to base 3.
-200
60 (base 12) to base 13
57
Convert 0 (base 7) to base 6.
0
-111 (base 2) to base 16
-7
0 (base 10) to base 3
0
89 (base 13) to base 6
305
Convert 2 (base 4) to base 15.
2
What is -2 (base 6) in base 5?
-2
11 (base 6) to base 12
7
What is 10 (base 5) in base 2?
101
What is 307 (base 8) in base 2?
11000111
What is 32 (base 6) in base 10?
20
What is 7 (base 8) in base 15?
7
What is -130 (base 9) in base 7?
-213
Convert a0 (base 13) to base 16.
82
What is -5 (base 12) in base 4?
-11
What is 11 (base 10) in base 3?
102
What is 6 (base 15) in base 14?
6
What is -33 (base 5) in base 6?
-30
Convert 1 (base 11) to base 6.
1
-10 (base 7) to base 3
-21
120 (base 4) to base 7
33
What is b (base 16) in base 3?
102
3 (base 9) to base 2
11
What is 11101 (base 2) in base 11?
27
6 (base 8) to base 11
6
What is 12 (base 6) in base 4?
20
What is -10 (base 4) in base 11?
-4
-67 (base 11) to base 16
-49
What is -10111 (base 2) in base 11?
-21
What is -4 (base 14) in base 3?
-11
4 (base 5) to base 10
4
8 (base 9) to base 2
1000
-a (base 11) to base 6
-14
What is 12 (base 9) in base 6?
15
What is -32 (base 4) in base 14?
-10
What is 282 (base 12) in base 7?
1061
What is 64 (base 13) in base 6?
214
Convert 105 (base 6) to base 12.
35
Convert 10 (base 12) to base 9.
13
What is -185 (base 9) in base 3?
-12212
What is 210 (base 5) in base 12?
47
Convert 3 (base 4) to base 14.
3
Convert 10111110 (base 2) to base 11.
163
What is 11 (base 2) in base 3?
10
-20002 (base 3) to base 4
-2210
Convert -1 (base 5) to base 15.
-1
-2 (base 7) to base 12
-2
Convert 2 (base 4) to base 6.
2
Convert -12 (base 3) to base 6.
-5
What is 0 (base 7) in base 2?
0
Convert -7 (base 16) to base 11.
-7
Convert 1211 (base 4) to base 8.
145
Convert -5 (base 6) to base 8.
-5
Convert -16 (base 11) to base 16.
-11
0 (base 16) to base 12
0
What is -221 (base 5) in base 9?
-67
226 (base 8) to base 7
303
What is 12 (base 6) in base 3?
22
c (base 13) to base 5
22
What is -6 (base 14) in base 5?
-11
413 (base 5) to base 12
90
8 (base 16) to base 6
12
Convert 1 (base 9) to base 11.
1
What is -5 (base 12) in base 16?
-5
Convert 5 (base 12) to base 4.
11
What is 215 (base 9) in base 12?
128
52 (base 14) to base 6
200
-12 (base 12) to base 4
-32
Convert 4 (base 7) to base 8.
4
Convert -66 (base 15) to base 5.
-341
Convert 83 (base 11) to base 13.
70
What is -22 (base 10) in base 6?
-34
Convert 6 (base 8) to base 14.
6
What is 1 (base 9) in base 7?
1
Convert 5 (base 15) to base 12.
5
What is 22 (base 11) in base 13?
1b
What is 236 (base 7) in base 4?
1331
What is 25 (base 10) in base 14?
1b
Convert 6 (base 14) to base 16.
6
Convert 10 (base 2) to base 10.
2
What is -30 (base 4) in base 10?
-12
-10000 (base 2) to base 13
-13
What is 1 (base 7) in base 3?
1
dd (base 14) to base 9
236
Convert 7 (base 10) to base 7.
10
What is 2 (base 10) in base 9?
2
Convert -166 (base 11) to base 9.
-234
What is 98 (base 14) in base 8?
206
What is 14 (base 7) in base 5?
21
What is -2041 (base 5) in base 16?
-10f
-100100 (base 2) to base 5
-121
What is -12 (base 5) in base 14?
-7
-1010 (base 4) to base 9
-75
-1 (base 3) to base 14
-1
Convert -2c (base 16) to base 9.
-48
What is -100 (base 4) in base 11?
-15
Convert -21022 (base 3) to base 2.
-11000101
Convert -43 (base 7) to base 2.
-11111
-40 (base 9) to base 5
-121
Convert -2 (base 6) to base 7.
-2
-10011100 (base 2) to base 15
-a6
Convert 0 (base 12) to base 16.
0
Convert 1 (base 16) to base 12.
1
Convert -11102 (base 3) to base 12.
-9b
23 (base 9) to base 15
16
Convert -30 (base 12) to base 7.
-51
Convert 10 (base 2) to base 13.
2
What is -10 (base 10) in base 6?
-14
Convert 0 (base 4) to base 3.
0
Convert 1 (base 6) to base 2.
1
Convert -58 (base 11) to base 16.
-3f
What is 0 (base 2) in base 12?
0
What is 1 (base 2) in base 6?
1
Convert -11 (base 5) to base 13.
